 -2, -22 - 56 = -4*r - n*c. Is r a multiple of 5?
False
Suppose -2*l + 85 = 3*v, 2*l - 4*v - 89 = -3*v. Is l a multiple of 4?
True
Suppose -4*k + 429 = -5*c, -4*k = -3*k - c - 107. Does 9 divide 1/(k/35 - 3)?
False
Let x(i) = 12*i**2 + 2*i - 2. Is 27 a factor of x(-2)?
False
Let t be (-45)/(-35) + 2/(-7). Suppose -h - 5*v = h - 5, -v + t = 0. Suppose h = -m - 3*m + 72. Is 9 a factor of m?
True
Suppose -j + 2*j = 333. Is j a multiple of 38?
False
Suppose -12 = 25*j - 27*j. Is j a multiple of 3?
True
Let f = 68 - 20. Is 12 a factor of f?
True
Let s = -123 - -356. Is 16 a factor of s?
False
Suppose 0 = -o + 11 - 3. Let d be (1 - 2) + 14/1. Let u = o + d. Does 9 divide u?
False
Is (-1 - -22) + -2 + 6 + -5 a multiple of 10?
True
Suppose -3*k = 5*d - 32, 0*d - 2*d = -8. Suppose -k*y + 2 = s - 5*y, 4*s = 3*y + 9. Is 12 a factor of ((-9)/(-2))/s*30?
False
Suppose 0*q - 3*q = -45. Let b = 5 + q. Is 12 a factor of b?
False
Let l be 1/(-3) + (-16)/6. Suppose 3*o + 3*m - 5*m - 139 = 0, 4*o = -4*m + 172. Does 9 divide (-6)/3 - o/l?
False
Suppose -5*s = -3*s + 12. Let m = s + 39. Is m a multiple of 11?
True
Let p(l) = -12*l - 11*l - 2 + 1. Is 11 a factor of p(-1)?
True
Suppose 0 = -3*l - 16 + 43. Is l a multiple of 2?
False
Let y = -83 - -222. Is y/4 + 9/(-12) a multiple of 26?
False
Let k(w) = 4*w**2 + 16*w - 12. Does 6 divide k(-6)?
True
Let g = 4 - 2. Let m(z) = -4*z - 1. Let t be m(g). Let k = t + 17. Is 4 a factor of k?
True
Suppose 3*j - j = 0. Suppose 3*u - r = r + 62, j = -2*u + 2*r + 38. Is u a multiple of 12?
True
Suppose 3618 = 24*a - 54. Is 51 a factor of a?
True
Let y(u) = -u**2 - u + 84. Let o be y(0). Let v = -44 + o. Is 10 a factor of v?
True
Suppose 2*n + 9*r - 4*r = 49, -2*r + 23 = n. Is 5 a factor of n?
False
Suppose 3*y = 4*y + d, 0 = -2*y - 5*d - 12. Does 4 divide y?
True
Let s(x) = -5*x**3 - x**2 + 2*x. Let i be 2/(-7) + (-18)/(-14). Let u = -3 + i. Is 17 a factor of s(u)?
False
Suppose 0*x - x - 1 = 0. Let p be (-10)/(x*4/2). Suppose s + 6 = n, -4 = p*n + s - 16. Is 2 a factor of n?
False
Let o = 8 + -10. Let f = o - -5. Suppose 4*r - f*d = d + 152, 5*r - 186 = d. Is 10 a factor of r?
False
Suppose f - 3*f = -102. Is 15 a factor of f?
False
Let b be ((0 - 0) + 3)*1. Suppose 38 + 1 = b*u. Is u a multiple of 6?
False
Let k = -1 + 45. Let r = k + -22. Suppose -5*s = x - 11, -6*x + 4*x = 5*s - r. Is x a multiple of 9?
False
Suppose 2*b = -1 + 5. Let c(u) = u**b + u**2 + 2*u**3 - 3*u + 2 + u**2 - 8*u**2. Is c(4) a multiple of 17?
False
Let a(w) = 14*w - 25. Does 29 divide a(8)?
True
Suppose -2*q + 5*q + z + 701 = 0, q + 4*z = -230. Is 13 a factor of (q/12)/((-1)/2)?
True
Let p = -204 - -347. Is 7 a factor of p?
False
Let d(a) = a + 57. Is d(7) a multiple of 16?
True
Let f(q) = -4 + 3*q - 3*q + 11 + 2*q. Let v be f(-8). Let m = v - -29. Is m a multiple of 10?
True
Is 13 a factor of (4 - (-64)/(-3))*-3?
True
Suppose 4*b + 70 = l, -b - 210 = -3*l + 3*b. Is l a multiple of 14?
True
Suppose -60 = 2*m - 5*m. Does 5 divide m?
True
Suppose -39 = -2*b - 4*q - 11, 38 = 3*b + 5*q. Suppose 4*l = b*l - 8. Suppose -t - l*t = 5*k - 95, 0 = -t - 2*k + 21. Is t a multiple of 9?
False
Let g be (12/(-5))/((-12)/(-40)). Let p(t) = -t**3 - 8*t**2 - 2*t - 8. Let s be p(g). Let f = s + -2. Is f a multiple of 4?
False
Let b = -6 - -10. Let a be (-1 - 1) + 3 - -54. Suppose -b*m + 9*m - a = 0. Is 11 a factor of m?
True
Let s(w) = 5*w**2 - 3*w + 6. Let v be s(4). Let i(b) = -44*b**3 + b**2 - b. Let h be i(1). Let t = v + h. Is t a multiple of 15?
True
Suppose 5*t + 24 = 9. Let f be ((-1)/2)/(t/396). Suppose f = 4*p + 2*a, 0 = p + 3*p - a - 75. Is 14 a factor of p?
False
Is 80/2*(-40)/(-20) a multiple of 16?
True
Let g(v) = 38*v + 4. Is g(2) a multiple of 8?
True
Is 16 a factor of -2 + (-1)/(-3) + 1040/30?
False
Let u(r) = -r**2 + 4*r. Let k be u(4). Suppose 5*b - 1 = d, 0*b - 3*b = k. Is 15 a factor of 32 - (1 - (-2 - d))?
True
Let g be (-4)/(-20) - 19/(-5). Suppose 0 = y - 19 - g. Is 6 a factor of y?
False
Let k(d) = -d**2 + 9*d + 9. Let w be k(10). Let u = 3 - w. Is 4 a factor of u?
True
Let z = -46 - -74. Is 4 a factor of z?
True
Suppose -6 = k - 0. Let y(j) = -j**2 - 6*j + 6. Is y(k) a multiple of 2?
True
Let x(v) = 8*v - 1. Let f be x(1). Let d = -7 + f. Suppose 5*p + 4*j = 84, -p + 3*p - 5*j - 27 = d. Does 16 divide p?
True
Suppose 0 = 5*f - 29 + 9. Suppose -f*m = 20 - 112. Does 11 divide m?
False
Let d = 9 + 28. Suppose 2*r - d - 95 = 0. Is r a multiple of 22?
True
Let g(q) = -q**3 + 4*q**2 - 2*q. Let w be g(2). Does 4 divide 38/4 + (-2)/w?
False
Suppose -5*y - 7 + 17 = 0. Does 10 divide 28*1 + y/(-2)?
False
Suppose -x + 50 = w, -4*x + 194 = -0*x + w. Suppose 4*c - 11 = d + 85, 2*d = 2*c - x. Is c a multiple of 12?
True
Let i(b) = b + 4. Let u be -1*1*-2 - 7. Let f be i(u). Does 17 divide ((-42)/4)/(f/2)?
False
Suppose 0 = -5*f + 5, -11*f + 7*f - 262 = -2*n. Is 7 a factor of n?
True
Suppose 2*t - 3*t + 2 = 0. Let n(b) = -3*b**2 + 7*b**3 - b + 1 + 3 - 2 + 0*b. Does 20 divide n(t)?
False
Let s be 6/(-5)*5/(-2). Let k(o) = -18*o**3 - s*o + 2*o - 4 + 3. Does 7 divide k(-1)?
False
Let z(k) = -2*k**2 + 92. Let x be z(0). Suppose -2*h - x = -4*b - 6*h, 147 = 5*b - 3*h. Is b a multiple of 9?
True
Let v(a) = -3 - 4 + 3 + 5*a. Is 9 a factor of v(5)?
False
Suppose 0 = -t - 3 - 2. Does 15 divide 29 - 1 - (4 + t)?
False
Let w(a) = a + 1. Let c be w(0). Suppose h + c - 21 = 0. Is 7 a factor of h?
False
Let o(a) = 3*a**2 - 4*a + 9. Is o(5) a multiple of 16?
True
Let d(f) = 3*f**2 - 3*f - 7. Does 26 divide d(6)?
False
Let a = 45 - 6. Is 16 a factor of a?
False
Let o(c) = -c. Let b be o(-1). Let i be 86/(-3)*(b - 4). Suppose -l + 5*z = 2*l - i, 16 = -4*z. Does 11 divide l?
True
Suppose -6*g + 2*f = -2*g, -4*f = g - 18. Suppose -t = g*t - 12. Suppose 2*m - 22 = -0*d - 2*d, 0 = t*d - 4*m - 20. Does 6 divide d?
False
Let k be (1 - -73) + (6 - 4). Let l = k + -36. Let o = l + -3. Does 18 divide o?
False
Let h = 182 - 94. Is 21 a factor of h?
False
Let v = 138 - 86. Is v a multiple of 13?
True
Let y = 53 - 23. Is 21 a factor of y?
False
Suppose m - 96 - 73 = 0. Let x = -84 + m. Suppose 2*q - x = -3*q. Does 6 divide q?
False
Suppose 3*p + 11 = -1. Does 3 divide (-19)/(-5) - p/20?
False
Suppose -5*z = 4*r - 121 + 33, 2*r = -z + 20. Does 4 divide z?
True
Let j(t) = -6*t + 12. Is j(-5) a multiple of 17?
False
Let b = -5 + 7. Suppose b*d + 174 = 5*j - d, 5*j + 3*d - 186 = 0. Is j a multiple of 16?
False
Let c = 20 - 12. Let v(j) = -5*j + 8. Let y(h) = 9*h - 17. Let u(s) = 5*v(s) + 3*y(s). Is u(c) a multiple of 2?
False
Let w = 174 + -461. Let n be (w/21)/(1/(-3)). Let q = -9 + n. Does 11 divide q?
False
Let c(i) = -2*i - 21. Let p be c(-17). Let x = 5 + -8. Let h = x + p. Is 9 a factor of h?
False
Suppose 5*m - 3*y = -0*m - 149, -y = -5*m - 143. Let w = -28 - -14. Is 2 a factor of 8/m - 46/w?
False
Is 27 a factor of ((-7)/(-21)*-21)/(2/(-54))?
True
Let f(l) = l**2 + 0*l**3 - l**3 - 8 + 3 + 3*l. Is 20 a factor of f(-4)?
False
Suppose 0 = -5*r - 5*t + 400, 4*r - 3*t - 18 = 267. Does 25 divide r?
True
Does 8 divide 806/16 + -3*(-2)/(-16)?
False
Suppose -3*t = -2*p - 8*t - 17, t = -5. Let x = 7 - p. Is 3 a factor of x?
True
Let h be -1*1*(8 - 10). Does 26 divide (-1 + h)/((-2)/(-130))?
False
Let v(x) = x**3 - 4*x**2 + 4*x - 3. Let j(n) = n. Let z be j(3). Let w be v(z). Let r(u) = u**2 + 22. Does 12 divide r(w)?
False
Let j(c) = 3*c - 2. Let t be j(-2). Is 12 a factor of (4/t)/(1/(-48))?
True
Is (-41 - 0)*(-6 + 1) a multiple of 41?
True
Let y be (-2)/8 + (-2)/(-8). Suppose y = z + 28 + 1. Let a = -18 - z. Is 5 a factor of a?
False
Let c be 12/15*(-15)/(-6). Is 16 a factor of (15/(-10))/(c/(-44))?
False
Let p(g) = -2*g**2 + 7*g - 5. Let l be p(6). Let f be 1/(-1 - (-249)/246). Let d = f + l. Is d a multiple of 17?
False
Is (-4 + 1)*(-32)/6 a multiple of 4?
True
Suppose 0 = -4*o - 4*y - 8, 2*o - 3*o = 4*y + 14. Suppose s + o*k - 19 = -3, 0 = -3*k + 15. Is 3 a factor of (-104)/(-18) + s/27?
True
Let j be (-3 - -1)*(4 - 5). Suppose -5*q + 170 = -j*a, 23 = q - 2*a - 3. Suppose q = -2*s + 130. Does 17 divide s?
False
Let k be 2 - (1 - (-1 + -2)). Is 3 a factor of k/(-6)*(2 + 34)?
True
Suppose 4*s - 2*s + 82 = 0. Let z be ((21/(-14))/(-1))/((-1)/6). Let x = z - s. Does 16 divide x?
True
Supp